{"id":917,"date":"2024-06-13T16:42:27","date_gmt":"2024-06-13T16:42:27","guid":{"rendered":"https:\/\/www.houseluz.com\/?post_type=product&#038;p=917"},"modified":"2024-06-13T16:42:27","modified_gmt":"2024-06-13T16:42:27","slug":"alp-gris-oscuro","status":"publish","type":"product","link":"https:\/\/www.houseluz.com\/?product=alp-gris-oscuro","title":{"rendered":"Alp Gris Oscuro"},"content":{"rendered":"<p>El aplique ALP en color gris oscuro ofrece una soluci\u00f3n eficiente y est\u00e9tica para iluminaci\u00f3n interior. Dise\u00f1ado para montaje en pared, es compatible con un amplio rango de voltajes de 100V a 240V y tiene una clasificaci\u00f3n IP54, lo que le proporciona protecci\u00f3n contra polvo y salpicaduras de agua, haci\u00e9ndolo adecuado para diversas aplicaciones en interiores donde pueda estar expuesto a la humedad moderada.<\/p>\n<p>Pertenece a la clase de protecci\u00f3n I, lo que indica que tiene conexi\u00f3n a tierra para una mayor seguridad el\u00e9ctrica. Con una potencia m\u00e1xima de 8W, utiliza tecnolog\u00eda SMD LED para proporcionar una iluminaci\u00f3n eficiente y duradera. La fuente de luz SMD LED est\u00e1 incluida, lo que facilita su instalaci\u00f3n y puesta en funcionamiento inmediato.<\/p>\n<p>La temperatura de color es de 3000K, ofreciendo una luz blanca c\u00e1lida ideal para crear ambientes acogedores. El \u00edndice de reproducci\u00f3n crom\u00e1tica (CRI) es mayor a 80, lo que asegura una representaci\u00f3n natural de los colores. Adem\u00e1s, cuenta con un Mac Adam Step de 2 SDCM, lo que indica una consistencia en la calidad del color de la luz.<\/p>\n<p>Los 350 l\u00famenes m\u00e1ximos que emite proporcionan una iluminaci\u00f3n indirecta suave y confortable. No requiere de un driver adicional para su funcionamiento, lo que simplifica su instalaci\u00f3n y mantenimiento.<\/p>\n<p>Fabricado en color gris oscuro, el dise\u00f1o del aplique ALP combina funcionalidad con un estilo moderno y discreto que se adapta f\u00e1cilmente a diferentes estilos decorativos en hogares, oficinas u otros espacios comerciales.<\/p>\n<p>En resumen, el aplique ALP SMD LED es una excelente elecci\u00f3n para quienes buscan una iluminaci\u00f3n eficiente y decorativa, con la ventaja de una instalaci\u00f3n r\u00e1pida y sin complicaciones.<\/p>\n","protected":false},"excerpt":{"rendered":"<p>El aplique ALP en color gris oscuro ofrece una soluci\u00f3n eficiente y est\u00e9tica para iluminaci\u00f3n interior. Dise\u00f1ado para montaje en pared, es compatible con un amplio rango de voltajes de 100V a 240V y tiene una clasificaci\u00f3n IP54, lo que le proporciona protecci\u00f3n contra polvo y salpicaduras de agua, haci\u00e9ndolo adecuado para diversas aplicaciones en [&hellip;]<\/p>\n","protected":false},"featured_media":867,"comment_status":"open","ping_status":"closed","template":"","meta":[],"product_cat":[26,19],"product_tag":[],"_links":{"self":[{"href":"https:\/\/www.houseluz.com\/index.php?rest_route=\/wp\/v2\/product\/917"}],"collection":[{"href":"https:\/\/www.houseluz.com\/index.php?rest_route=\/wp\/v2\/product"}],"about":[{"href":"https:\/\/www.houseluz.com\/index.php?rest_route=\/wp\/v2\/types\/product"}],"replies":[{"embeddable":true,"href":"https:\/\/www.houseluz.com\/index.php?rest_route=%2Fwp%2Fv2%2Fcomments&post=917"}],"wp:featuredmedia":[{"embeddable":true,"href":"https:\/\/www.houseluz.com\/index.php?rest_route=\/wp\/v2\/media\/867"}],"wp:attachment":[{"href":"https:\/\/www.houseluz.com\/index.php?rest_route=%2Fwp%2Fv2%2Fmedia&parent=917"}],"wp:term":[{"taxonomy":"product_cat","embeddable":true,"href":"https:\/\/www.houseluz.com\/index.php?rest_route=%2Fwp%2Fv2%2Fproduct_cat&post=917"},{"taxonomy":"product_tag","embeddable":true,"href":"https:\/\/www.houseluz.com\/index.php?rest_route=%2Fwp%2Fv2%2Fproduct_tag&post=917"}],"curies":[{"name":"wp","href":"https:\/\/api.w.org\/{rel}","templated":true}]}}