{"id":902,"date":"2024-06-13T16:24:10","date_gmt":"2024-06-13T16:24:10","guid":{"rendered":"https:\/\/www.houseluz.com\/?post_type=product&#038;p=902"},"modified":"2024-07-05T10:50:21","modified_gmt":"2024-07-05T10:50:21","slug":"lako-blanco","status":"publish","type":"product","link":"https:\/\/www.houseluz.com\/?product=lako-blanco","title":{"rendered":"Lako"},"content":{"rendered":"<p>El aplique LED LAKO de 8W en color blanco ofrece una soluci\u00f3n eficiente y vers\u00e1til para iluminaci\u00f3n tanto interior como exterior. Dise\u00f1ado para montaje en pared, cuenta con una clasificaci\u00f3n IP65 que lo hace resistente al polvo y chorros de agua, ideal para entornos exigentes.<\/p>\n<p>Con una temperatura de color de 3000K, proporciona una luz blanca c\u00e1lida que crea ambientes acogedores y confortables. Utiliza tecnolog\u00eda SMD LED integrada, asegurando un alto rendimiento lum\u00ednico con un \u00edndice de reproducci\u00f3n crom\u00e1tica (CRI) superior a 80 para una reproducci\u00f3n fiel de los colores naturales.<\/p>\n<p>El aplique emite hasta 600 l\u00famenes de luz con un \u00e1ngulo de apertura de 90 grados, distribuyendo la luz de manera uniforme. Su orientaci\u00f3n de luz es indirecta, ideal para iluminaci\u00f3n ambiental y decorativa.<\/p>\n<p>La fuente de luz tiene una clasificaci\u00f3n energ\u00e9tica clase F, indicando su eficiencia en el consumo el\u00e9ctrico. Funciona con voltajes est\u00e1ndar de 220V-240V y a una frecuencia de 50\/60Hz, adapt\u00e1ndose a la mayor\u00eda de las instalaciones el\u00e9ctricas.<\/p>\n<p>Con un dise\u00f1o en color blanco, este aplique no solo ofrece funcionalidad lum\u00ednica sino que tambi\u00e9n a\u00f1ade un toque est\u00e9tico moderno y limpio a cualquier espacio donde se instale, combinando estilo y eficiencia en iluminaci\u00f3n.<\/p>\n","protected":false},"excerpt":{"rendered":"<p>El aplique LED LAKO de 8W en color blanco ofrece una soluci\u00f3n eficiente y vers\u00e1til para iluminaci\u00f3n tanto interior como exterior. Dise\u00f1ado para montaje en pared, cuenta con una clasificaci\u00f3n IP65 que lo hace resistente al polvo y chorros de agua, ideal para entornos exigentes. Con una temperatura de color de 3000K, proporciona una luz [&hellip;]<\/p>\n","protected":false},"featured_media":885,"comment_status":"open","ping_status":"closed","template":"","meta":[],"product_cat":[26,19],"product_tag":[],"_links":{"self":[{"href":"https:\/\/www.houseluz.com\/index.php?rest_route=\/wp\/v2\/product\/902"}],"collection":[{"href":"https:\/\/www.houseluz.com\/index.php?rest_route=\/wp\/v2\/product"}],"about":[{"href":"https:\/\/www.houseluz.com\/index.php?rest_route=\/wp\/v2\/types\/product"}],"replies":[{"embeddable":true,"href":"https:\/\/www.houseluz.com\/index.php?rest_route=%2Fwp%2Fv2%2Fcomments&post=902"}],"wp:featuredmedia":[{"embeddable":true,"href":"https:\/\/www.houseluz.com\/index.php?rest_route=\/wp\/v2\/media\/885"}],"wp:attachment":[{"href":"https:\/\/www.houseluz.com\/index.php?rest_route=%2Fwp%2Fv2%2Fmedia&parent=902"}],"wp:term":[{"taxonomy":"product_cat","embeddable":true,"href":"https:\/\/www.houseluz.com\/index.php?rest_route=%2Fwp%2Fv2%2Fproduct_cat&post=902"},{"taxonomy":"product_tag","embeddable":true,"href":"https:\/\/www.houseluz.com\/index.php?rest_route=%2Fwp%2Fv2%2Fproduct_tag&post=902"}],"curies":[{"name":"wp","href":"https:\/\/api.w.org\/{rel}","templated":true}]}}