{"id":900,"date":"2024-06-13T16:21:13","date_gmt":"2024-06-13T16:21:13","guid":{"rendered":"https:\/\/www.houseluz.com\/?post_type=product&#038;p=900"},"modified":"2024-06-13T16:21:13","modified_gmt":"2024-06-13T16:21:13","slug":"lako-marron-oxido","status":"publish","type":"product","link":"https:\/\/www.houseluz.com\/?product=lako-marron-oxido","title":{"rendered":"Lako Marr\u00f3n \u00d3xido"},"content":{"rendered":"<p>El aplique LED LAKO de 8W combina eficiencia energ\u00e9tica con un dise\u00f1o resistente y funcional. Dise\u00f1ado para instalaci\u00f3n en pared, este producto es ideal tanto para espacios interiores como exteriores gracias a su clasificaci\u00f3n IP65, que asegura protecci\u00f3n contra polvo y chorros de agua.<\/p>\n<p>Con una temperatura de color de 3000K, proporciona una luz blanca c\u00e1lida que crea un ambiente acogedor y confortable. La tecnolog\u00eda SMD LED integrada garantiza un rendimiento \u00f3ptimo y una larga vida \u00fatil, mientras que su \u00edndice de reproducci\u00f3n crom\u00e1tica (CRI) superior a 80 asegura la reproducci\u00f3n fiel de los colores naturales del entorno.<\/p>\n<p>El aplique emite hasta 600 l\u00famenes de luz, con un \u00e1ngulo de apertura de 90 grados que permite una distribuci\u00f3n uniforme y una orientaci\u00f3n de luz indirecta, ideal para iluminaci\u00f3n ambiental y decorativa. Funciona con voltajes est\u00e1ndar de 220V-240V y a una frecuencia de 50\/60Hz, con una clasificaci\u00f3n energ\u00e9tica clase F que enfatiza su eficiencia en el consumo el\u00e9ctrico.<\/p>\n<p>Con su acabado en color marr\u00f3n \u00f3xido, el aplique LAKO no solo ilumina eficazmente, sino que tambi\u00e9n complementa est\u00e9ticamente diversos entornos decorativos, a\u00f1adiendo un toque de estilo y funcionalidad donde sea instalado.<\/p>\n","protected":false},"excerpt":{"rendered":"<p>El aplique LED LAKO de 8W combina eficiencia energ\u00e9tica con un dise\u00f1o resistente y funcional. Dise\u00f1ado para instalaci\u00f3n en pared, este producto es ideal tanto para espacios interiores como exteriores gracias a su clasificaci\u00f3n IP65, que asegura protecci\u00f3n contra polvo y chorros de agua. Con una temperatura de color de 3000K, proporciona una luz blanca [&hellip;]<\/p>\n","protected":false},"featured_media":883,"comment_status":"open","ping_status":"closed","template":"","meta":[],"product_cat":[26,19],"product_tag":[],"_links":{"self":[{"href":"https:\/\/www.houseluz.com\/index.php?rest_route=\/wp\/v2\/product\/900"}],"collection":[{"href":"https:\/\/www.houseluz.com\/index.php?rest_route=\/wp\/v2\/product"}],"about":[{"href":"https:\/\/www.houseluz.com\/index.php?rest_route=\/wp\/v2\/types\/product"}],"replies":[{"embeddable":true,"href":"https:\/\/www.houseluz.com\/index.php?rest_route=%2Fwp%2Fv2%2Fcomments&post=900"}],"wp:featuredmedia":[{"embeddable":true,"href":"https:\/\/www.houseluz.com\/index.php?rest_route=\/wp\/v2\/media\/883"}],"wp:attachment":[{"href":"https:\/\/www.houseluz.com\/index.php?rest_route=%2Fwp%2Fv2%2Fmedia&parent=900"}],"wp:term":[{"taxonomy":"product_cat","embeddable":true,"href":"https:\/\/www.houseluz.com\/index.php?rest_route=%2Fwp%2Fv2%2Fproduct_cat&post=900"},{"taxonomy":"product_tag","embeddable":true,"href":"https:\/\/www.houseluz.com\/index.php?rest_route=%2Fwp%2Fv2%2Fproduct_tag&post=900"}],"curies":[{"name":"wp","href":"https:\/\/api.w.org\/{rel}","templated":true}]}}