{"id":844,"date":"2024-06-11T16:30:50","date_gmt":"2024-06-11T16:30:50","guid":{"rendered":"https:\/\/www.houseluz.com\/?post_type=product&#038;p=844"},"modified":"2024-06-11T17:18:33","modified_gmt":"2024-06-11T17:18:33","slug":"olan-marron","status":"publish","type":"product","link":"https:\/\/www.houseluz.com\/?product=olan-marron","title":{"rendered":"Olan Marr\u00f3n"},"content":{"rendered":"<p>Descubre la elegancia en cada rinc\u00f3n con nuestra luminaria Olan Marr\u00f3n. Dise\u00f1ada para a\u00f1adir un toque de distinci\u00f3n a cualquier espacio, esta luminaria es mucho m\u00e1s que una simple fuente de luz. Con su cuerpo en un tono marr\u00f3n c\u00f3modo y una bombilla que evoca creatividad, ilumina tu vida con estilo y funcionalidad. Con caracter\u00edsticas como voltaje compatible con 220V-240V, grado de protecci\u00f3n IP65, resistencia IK06 y una potencia m\u00e1xima de 2x3W, ofrece una iluminaci\u00f3n potente y eficiente. Adem\u00e1s, con una fuente de luz COB LED, temperatura de color de 3000K y l\u00famenes m\u00e1ximos de 2x100lm, crea un ambiente c\u00e1lido y acogedor.<\/p>\n","protected":false},"excerpt":{"rendered":"<p>Descubre la elegancia en cada rinc\u00f3n con nuestra luminaria Olan Marr\u00f3n. Dise\u00f1ada para a\u00f1adir un toque de distinci\u00f3n a cualquier espacio, esta luminaria es mucho m\u00e1s que una simple fuente de luz. Con su cuerpo en un tono marr\u00f3n c\u00f3modo y una bombilla que evoca creatividad, ilumina tu vida con estilo y funcionalidad. Con caracter\u00edsticas [&hellip;]<\/p>\n","protected":false},"featured_media":808,"comment_status":"open","ping_status":"closed","template":"","meta":[],"product_cat":[26,19],"product_tag":[],"_links":{"self":[{"href":"https:\/\/www.houseluz.com\/index.php?rest_route=\/wp\/v2\/product\/844"}],"collection":[{"href":"https:\/\/www.houseluz.com\/index.php?rest_route=\/wp\/v2\/product"}],"about":[{"href":"https:\/\/www.houseluz.com\/index.php?rest_route=\/wp\/v2\/types\/product"}],"replies":[{"embeddable":true,"href":"https:\/\/www.houseluz.com\/index.php?rest_route=%2Fwp%2Fv2%2Fcomments&post=844"}],"wp:featuredmedia":[{"embeddable":true,"href":"https:\/\/www.houseluz.com\/index.php?rest_route=\/wp\/v2\/media\/808"}],"wp:attachment":[{"href":"https:\/\/www.houseluz.com\/index.php?rest_route=%2Fwp%2Fv2%2Fmedia&parent=844"}],"wp:term":[{"taxonomy":"product_cat","embeddable":true,"href":"https:\/\/www.houseluz.com\/index.php?rest_route=%2Fwp%2Fv2%2Fproduct_cat&post=844"},{"taxonomy":"product_tag","embeddable":true,"href":"https:\/\/www.houseluz.com\/index.php?rest_route=%2Fwp%2Fv2%2Fproduct_tag&post=844"}],"curies":[{"name":"wp","href":"https:\/\/api.w.org\/{rel}","templated":true}]}}