{"id":822,"date":"2024-06-11T15:38:52","date_gmt":"2024-06-11T15:38:52","guid":{"rendered":"https:\/\/www.houseluz.com\/?post_type=product&#038;p=822"},"modified":"2024-06-11T17:20:51","modified_gmt":"2024-06-11T17:20:51","slug":"aday-2-blanco","status":"publish","type":"product","link":"https:\/\/www.houseluz.com\/?product=aday-2-blanco","title":{"rendered":"Aday-2 Blanco"},"content":{"rendered":"<p>Descubre el aplique de pared ADAY-2 en color blanco, una luminaria de dise\u00f1o moderno que combina eficiencia energ\u00e9tica y durabilidad para tus espacios exteriores. Dise\u00f1ado para proporcionar una iluminaci\u00f3n elegante y funcional, el ADAY-2 es ideal para iluminar y embellecer cualquier ambiente al aire libre.<\/p>\n<p><span>Con una potencia m\u00e1xima de 2&#215;6,5W y una clasificaci\u00f3n IK10, el ADAY-2 est\u00e1 dise\u00f1ado para soportar impactos fuertes, asegurando su durabilidad en entornos exteriores exigentes. Operando a frecuencias de 50\/60Hz, proporciona un rendimiento estable y confiable en diversas condiciones clim\u00e1ticas.<\/span><\/p>\n<p><span>Equipado con LEDs SMD de alta calidad, el aplique ADAY-2 incluye la fuente de luz, eliminando la necesidad de bombillas adicionales. Con una vida \u00fatil certificada LM80, estos LED ofrecen una iluminaci\u00f3n duradera y de bajo mantenimiento. Emite una luz c\u00e1lida con una temperatura de color de 3000K, creando un ambiente acogedor y agradable. Con un \u00edndice de reproducci\u00f3n crom\u00e1tica (CRI) superior a 80, asegura que los colores se perciban de manera natural y precisa.<\/span><\/p>\n<p><span>La fuente de luz del aplique ADAY-2 produce un m\u00e1ximo de 2&#215;393 l\u00famenes, proporcionando una iluminaci\u00f3n eficiente para \u00e1reas exteriores espec\u00edficas. Su orientaci\u00f3n de luz indirecta ofrece una iluminaci\u00f3n suave y difusa, ideal para crear un ambiente acogedor sin deslumbramientos.<\/span><\/p>\n","protected":false},"excerpt":{"rendered":"<p>Descubre el aplique de pared ADAY-2 en color blanco, una luminaria de dise\u00f1o moderno que combina eficiencia energ\u00e9tica y durabilidad para tus espacios exteriores. Dise\u00f1ado para proporcionar una iluminaci\u00f3n elegante y funcional, el ADAY-2 es ideal para iluminar y embellecer cualquier ambiente al aire libre. Con una potencia m\u00e1xima de 2&#215;6,5W y una clasificaci\u00f3n IK10, [&hellip;]<\/p>\n","protected":false},"featured_media":823,"comment_status":"open","ping_status":"closed","template":"","meta":[],"product_cat":[26,19],"product_tag":[],"_links":{"self":[{"href":"https:\/\/www.houseluz.com\/index.php?rest_route=\/wp\/v2\/product\/822"}],"collection":[{"href":"https:\/\/www.houseluz.com\/index.php?rest_route=\/wp\/v2\/product"}],"about":[{"href":"https:\/\/www.houseluz.com\/index.php?rest_route=\/wp\/v2\/types\/product"}],"replies":[{"embeddable":true,"href":"https:\/\/www.houseluz.com\/index.php?rest_route=%2Fwp%2Fv2%2Fcomments&post=822"}],"wp:featuredmedia":[{"embeddable":true,"href":"https:\/\/www.houseluz.com\/index.php?rest_route=\/wp\/v2\/media\/823"}],"wp:attachment":[{"href":"https:\/\/www.houseluz.com\/index.php?rest_route=%2Fwp%2Fv2%2Fmedia&parent=822"}],"wp:term":[{"taxonomy":"product_cat","embeddable":true,"href":"https:\/\/www.houseluz.com\/index.php?rest_route=%2Fwp%2Fv2%2Fproduct_cat&post=822"},{"taxonomy":"product_tag","embeddable":true,"href":"https:\/\/www.houseluz.com\/index.php?rest_route=%2Fwp%2Fv2%2Fproduct_tag&post=822"}],"curies":[{"name":"wp","href":"https:\/\/api.w.org\/{rel}","templated":true}]}}