{"id":820,"date":"2024-06-11T15:37:01","date_gmt":"2024-06-11T15:37:01","guid":{"rendered":"https:\/\/www.houseluz.com\/?post_type=product&#038;p=820"},"modified":"2024-06-11T17:21:04","modified_gmt":"2024-06-11T17:21:04","slug":"aday-1-gris-oscuro","status":"publish","type":"product","link":"https:\/\/www.houseluz.com\/?product=aday-1-gris-oscuro","title":{"rendered":"Aday-1 Gris Oscuro"},"content":{"rendered":"<p>Transforma tus espacios exteriores con el aplique de pared Aday Gris Oscuro, una luminaria dise\u00f1ada para ofrecer una combinaci\u00f3n perfecta de estilo moderno y funcionalidad avanzada. Este aplique, fabricado en un elegante color gris oscuro, est\u00e1 preparado para proporcionar una iluminaci\u00f3n eficiente y duradera en condiciones exteriores.<\/p>\n<p>El aplique Aday Gris Oscuro opera con un voltaje de 220V-240V y est\u00e1 clasificado con un \u00edndice de protecci\u00f3n IP54, lo que asegura su resistencia al polvo y salpicaduras de agua, siendo ideal para uso en exteriores. Clasificado como Clase I, garantiza una instalaci\u00f3n segura y fiable en cualquier pared exterior, aportando una iluminaci\u00f3n constante y eficiente.<\/p>\n<p>Con una potencia m\u00e1xima de 2x3W y una clasificaci\u00f3n IK10, el aplique Aday est\u00e1 dise\u00f1ado para soportar impactos fuertes, asegurando su durabilidad y resistencia en entornos exteriores exigentes. Funcionando a frecuencias de 50\/60Hz, proporciona un rendimiento estable en diversas condiciones clim\u00e1ticas.<\/p>\n<p>Equipado con LEDs SMD de alta calidad, el aplique Aday incluye una fuente de luz con una vida \u00fatil certificada LM80, lo que significa una larga duraci\u00f3n y un bajo mantenimiento. Emite una luz c\u00e1lida con una temperatura de color de 3000K, creando un ambiente acogedor y agradable. Con un \u00edndice de reproducci\u00f3n crom\u00e1tica (CRI) superior a 80, asegura que los colores se perciban de manera natural y precisa.<\/p>\n","protected":false},"excerpt":{"rendered":"<p>Transforma tus espacios exteriores con el aplique de pared Aday Gris Oscuro, una luminaria dise\u00f1ada para ofrecer una combinaci\u00f3n perfecta de estilo moderno y funcionalidad avanzada. Este aplique, fabricado en un elegante color gris oscuro, est\u00e1 preparado para proporcionar una iluminaci\u00f3n eficiente y duradera en condiciones exteriores. El aplique Aday Gris Oscuro opera con un [&hellip;]<\/p>\n","protected":false},"featured_media":821,"comment_status":"open","ping_status":"closed","template":"","meta":[],"product_cat":[26,19],"product_tag":[],"_links":{"self":[{"href":"https:\/\/www.houseluz.com\/index.php?rest_route=\/wp\/v2\/product\/820"}],"collection":[{"href":"https:\/\/www.houseluz.com\/index.php?rest_route=\/wp\/v2\/product"}],"about":[{"href":"https:\/\/www.houseluz.com\/index.php?rest_route=\/wp\/v2\/types\/product"}],"replies":[{"embeddable":true,"href":"https:\/\/www.houseluz.com\/index.php?rest_route=%2Fwp%2Fv2%2Fcomments&post=820"}],"wp:featuredmedia":[{"embeddable":true,"href":"https:\/\/www.houseluz.com\/index.php?rest_route=\/wp\/v2\/media\/821"}],"wp:attachment":[{"href":"https:\/\/www.houseluz.com\/index.php?rest_route=%2Fwp%2Fv2%2Fmedia&parent=820"}],"wp:term":[{"taxonomy":"product_cat","embeddable":true,"href":"https:\/\/www.houseluz.com\/index.php?rest_route=%2Fwp%2Fv2%2Fproduct_cat&post=820"},{"taxonomy":"product_tag","embeddable":true,"href":"https:\/\/www.houseluz.com\/index.php?rest_route=%2Fwp%2Fv2%2Fproduct_tag&post=820"}],"curies":[{"name":"wp","href":"https:\/\/api.w.org\/{rel}","templated":true}]}}