{"id":768,"date":"2024-06-10T15:47:11","date_gmt":"2024-06-10T15:47:11","guid":{"rendered":"https:\/\/www.houseluz.com\/?post_type=product&#038;p=768"},"modified":"2024-06-10T15:47:11","modified_gmt":"2024-06-10T15:47:11","slug":"azuki","status":"publish","type":"product","link":"https:\/\/www.houseluz.com\/?product=azuki","title":{"rendered":"Azuki"},"content":{"rendered":"<p>Ilumina tus exteriores con el aplique de la serie AZUKI, una elegante soluci\u00f3n de iluminaci\u00f3n dise\u00f1ada para combinar estilo moderno y m\u00e1xima funcionalidad. Fabricado en policarbonato de color negro, este aplique es una opci\u00f3n resistente y atractiva para cualquier espacio exterior.<\/p>\n<p>Las dimensiones del aplique AZUKI, de 12,9x32x13 cm, y su peso neto de 500 gramos, lo convierten en una opci\u00f3n compacta y ligera, f\u00e1cil de instalar en diversas superficies exteriores. Con un portal\u00e1mpara E27 y bombilla incluida, este aplique asegura una iluminaci\u00f3n eficiente y uniforme, ideal para jardines, terrazas y entradas.<\/p>\n<p>Recomendado para exteriores, el aplique AZUKI cuenta con un \u00edndice de protecci\u00f3n IP65, garantizando su durabilidad y resistencia frente a las condiciones clim\u00e1ticas adversas. Adem\u00e1s, est\u00e1 disponible en un sofisticado color gris, ofreciendo opciones vers\u00e1tiles para adaptarse a la decoraci\u00f3n de tu hogar.<\/p>\n","protected":false},"excerpt":{"rendered":"<p>Ilumina tus exteriores con el aplique de la serie AZUKI, una elegante soluci\u00f3n de iluminaci\u00f3n dise\u00f1ada para combinar estilo moderno y m\u00e1xima funcionalidad. Fabricado en policarbonato de color negro, este aplique es una opci\u00f3n resistente y atractiva para cualquier espacio exterior. Las dimensiones del aplique AZUKI, de 12,9x32x13 cm, y su peso neto de 500 [&hellip;]<\/p>\n","protected":false},"featured_media":755,"comment_status":"open","ping_status":"closed","template":"","meta":[],"product_cat":[26,19],"product_tag":[],"_links":{"self":[{"href":"https:\/\/www.houseluz.com\/index.php?rest_route=\/wp\/v2\/product\/768"}],"collection":[{"href":"https:\/\/www.houseluz.com\/index.php?rest_route=\/wp\/v2\/product"}],"about":[{"href":"https:\/\/www.houseluz.com\/index.php?rest_route=\/wp\/v2\/types\/product"}],"replies":[{"embeddable":true,"href":"https:\/\/www.houseluz.com\/index.php?rest_route=%2Fwp%2Fv2%2Fcomments&post=768"}],"wp:featuredmedia":[{"embeddable":true,"href":"https:\/\/www.houseluz.com\/index.php?rest_route=\/wp\/v2\/media\/755"}],"wp:attachment":[{"href":"https:\/\/www.houseluz.com\/index.php?rest_route=%2Fwp%2Fv2%2Fmedia&parent=768"}],"wp:term":[{"taxonomy":"product_cat","embeddable":true,"href":"https:\/\/www.houseluz.com\/index.php?rest_route=%2Fwp%2Fv2%2Fproduct_cat&post=768"},{"taxonomy":"product_tag","embeddable":true,"href":"https:\/\/www.houseluz.com\/index.php?rest_route=%2Fwp%2Fv2%2Fproduct_tag&post=768"}],"curies":[{"name":"wp","href":"https:\/\/api.w.org\/{rel}","templated":true}]}}