{"id":692,"date":"2024-06-07T16:12:16","date_gmt":"2024-06-07T16:12:16","guid":{"rendered":"https:\/\/www.houseluz.com\/?post_type=product&#038;p=692"},"modified":"2024-06-07T16:12:16","modified_gmt":"2024-06-07T16:12:16","slug":"auriga","status":"publish","type":"product","link":"https:\/\/www.houseluz.com\/?product=auriga","title":{"rendered":"Auriga"},"content":{"rendered":"<div class=\"flex-shrink-0 flex flex-col relative items-end\">\n<div>\n<div class=\"pt-0.5 juice:pt-0\">\n<div class=\"gizmo-bot-avatar flex h-6 w-6 items-center justify-center overflow-hidden rounded-full juice:h-8 juice:w-8\">\n<div class=\"relative p-1 rounded-sm flex items-center justify-center bg-token-main-surface-primary text-token-text-primary h-8 w-8\">Descubre la perfecta fusi\u00f3n de estilo y funcionalidad con esta luz de proyecci\u00f3n directa. Fabricada en aluminio y cristal, esta luminaria de color blanco es ideal para exteriores y se instala f\u00e1cilmente en superficie, siendo adecuada tanto para uso dom\u00e9stico como profesional. Con dimensiones compactas de 32x22x17 cm y un peso neto de 780 gr, se adapta a cualquier espacio, y su \u00edndice de protecci\u00f3n IP44 garantiza su durabilidad ante las inclemencias del tiempo. Certificada con el CE y reciclaje, esta l\u00e1mpara incluye una bombilla E27, ofreciendo una soluci\u00f3n de iluminaci\u00f3n eficiente y sostenible.<\/div>\n<\/div>\n<\/div>\n<\/div>\n<\/div>\n","protected":false},"excerpt":{"rendered":"<p>Descubre la perfecta fusi\u00f3n de estilo y funcionalidad con esta luz de proyecci\u00f3n directa. Fabricada en aluminio y cristal, esta luminaria de color blanco es ideal para exteriores y se instala f\u00e1cilmente en superficie, siendo adecuada tanto para uso dom\u00e9stico como profesional. Con dimensiones compactas de 32x22x17 cm y un peso neto de 780 gr, [&hellip;]<\/p>\n","protected":false},"featured_media":686,"comment_status":"open","ping_status":"closed","template":"","meta":[],"product_cat":[26,19],"product_tag":[],"_links":{"self":[{"href":"https:\/\/www.houseluz.com\/index.php?rest_route=\/wp\/v2\/product\/692"}],"collection":[{"href":"https:\/\/www.houseluz.com\/index.php?rest_route=\/wp\/v2\/product"}],"about":[{"href":"https:\/\/www.houseluz.com\/index.php?rest_route=\/wp\/v2\/types\/product"}],"replies":[{"embeddable":true,"href":"https:\/\/www.houseluz.com\/index.php?rest_route=%2Fwp%2Fv2%2Fcomments&post=692"}],"wp:featuredmedia":[{"embeddable":true,"href":"https:\/\/www.houseluz.com\/index.php?rest_route=\/wp\/v2\/media\/686"}],"wp:attachment":[{"href":"https:\/\/www.houseluz.com\/index.php?rest_route=%2Fwp%2Fv2%2Fmedia&parent=692"}],"wp:term":[{"taxonomy":"product_cat","embeddable":true,"href":"https:\/\/www.houseluz.com\/index.php?rest_route=%2Fwp%2Fv2%2Fproduct_cat&post=692"},{"taxonomy":"product_tag","embeddable":true,"href":"https:\/\/www.houseluz.com\/index.php?rest_route=%2Fwp%2Fv2%2Fproduct_tag&post=692"}],"curies":[{"name":"wp","href":"https:\/\/api.w.org\/{rel}","templated":true}]}}