{"id":643,"date":"2024-06-06T17:32:58","date_gmt":"2024-06-06T17:32:58","guid":{"rendered":"https:\/\/www.houseluz.com\/?post_type=product&#038;p=643"},"modified":"2024-06-07T15:26:42","modified_gmt":"2024-06-07T15:26:42","slug":"regulus-sobremuro","status":"publish","type":"product","link":"https:\/\/www.houseluz.com\/?product=regulus-sobremuro","title":{"rendered":"Regulus Sobremuro"},"content":{"rendered":"<p>\u00a1Haz que tus espacios exteriores destaquen con nuestro aplique de luz directa! Con un dise\u00f1o elegante en negro y construido con aluminio y cristal de alta calidad, este accesorio es ideal para iluminar tus \u00e1reas al aire libre con estilo y sofisticaci\u00f3n.<\/p>\n<p>Aunque las bombillas est\u00e1n incluidas, puede elegir la bombilla que adapate a sus necesidades, este aplique cuenta con un portal\u00e1mparas E27. Su instalaci\u00f3n en superficie lo hace perfecto para una variedad de \u00e1reas exteriores, desde la entrada de tu hogar hasta el patio trasero.<\/p>\n<p>Con dimensiones de 56x23x23 cm, este aplique se destaca como una pieza llamativa y funcional en cualquier entorno exterior. Con un peso neto de 1410 gramos y un \u00edndice de protecci\u00f3n IP44, est\u00e1 dise\u00f1ado para resistir las condiciones exteriores y garantizar su durabilidad y funcionalidad a lo largo del tiempo.<\/p>\n","protected":false},"excerpt":{"rendered":"<p>\u00a1Haz que tus espacios exteriores destaquen con nuestro aplique de luz directa! Con un dise\u00f1o elegante en negro y construido con aluminio y cristal de alta calidad, este accesorio es ideal para iluminar tus \u00e1reas al aire libre con estilo y sofisticaci\u00f3n. Aunque las bombillas est\u00e1n incluidas, puede elegir la bombilla que adapate a sus [&hellip;]<\/p>\n","protected":false},"featured_media":639,"comment_status":"open","ping_status":"closed","template":"","meta":[],"product_cat":[19,69],"product_tag":[],"_links":{"self":[{"href":"https:\/\/www.houseluz.com\/index.php?rest_route=\/wp\/v2\/product\/643"}],"collection":[{"href":"https:\/\/www.houseluz.com\/index.php?rest_route=\/wp\/v2\/product"}],"about":[{"href":"https:\/\/www.houseluz.com\/index.php?rest_route=\/wp\/v2\/types\/product"}],"replies":[{"embeddable":true,"href":"https:\/\/www.houseluz.com\/index.php?rest_route=%2Fwp%2Fv2%2Fcomments&post=643"}],"wp:featuredmedia":[{"embeddable":true,"href":"https:\/\/www.houseluz.com\/index.php?rest_route=\/wp\/v2\/media\/639"}],"wp:attachment":[{"href":"https:\/\/www.houseluz.com\/index.php?rest_route=%2Fwp%2Fv2%2Fmedia&parent=643"}],"wp:term":[{"taxonomy":"product_cat","embeddable":true,"href":"https:\/\/www.houseluz.com\/index.php?rest_route=%2Fwp%2Fv2%2Fproduct_cat&post=643"},{"taxonomy":"product_tag","embeddable":true,"href":"https:\/\/www.houseluz.com\/index.php?rest_route=%2Fwp%2Fv2%2Fproduct_tag&post=643"}],"curies":[{"name":"wp","href":"https:\/\/api.w.org\/{rel}","templated":true}]}}