{"id":579,"date":"2024-06-06T16:22:53","date_gmt":"2024-06-06T16:22:53","guid":{"rendered":"https:\/\/www.houseluz.com\/?post_type=product&#038;p=579"},"modified":"2024-06-07T15:27:09","modified_gmt":"2024-06-07T15:27:09","slug":"comino-sobremuro","status":"publish","type":"product","link":"https:\/\/www.houseluz.com\/?product=comino-sobremuro","title":{"rendered":"Comino Sobremuro"},"content":{"rendered":"<p>\u00a1Prep\u00e1rate para iluminar tus exteriores con un toque de elegancia cl\u00e1sica y moderna al mismo tiempo! Presentamos el sobre muro de exterior serie COMINO, una joya en Policarbonato Blanco que elevar\u00e1 instant\u00e1neamente el estilo de tu espacio al aire libre.<\/p>\n<p>Con unas dimensiones de 47,6&#215;17,6&#215;17,6 cent\u00edmetros, este sofisticado sobre muro es mucho m\u00e1s que una simple fuente de luz. Equipado con un portal\u00e1mpara E27, este elegante accesorio es perfecto para resaltar tus \u00e1reas al aire libre con una luz suave y acogedora.<\/p>\n<p>Dise\u00f1ado espec\u00edficamente para resistir los rigores del exterior, el sobre muro COMINO cuenta con un impresionante \u00edndice de protecci\u00f3n IP44, asegurando su durabilidad frente a las inclemencias del clima. Con un peso neto de 530 gramos, su construcci\u00f3n ligera facilita su instalaci\u00f3n sin sacrificar resistencia.<\/p>\n<p>Completa tu conjunto de iluminaci\u00f3n exterior combinando este sobre muro con el aplique a juego, disponible en Negro y Oro Viejo para adaptarse a cualquier estilo de decoraci\u00f3n. \u00a1Solo necesitas agregar la bombilla para dar vida a tus noches al aire libre con un toque de glamour! \u00a1Ilumina tu vida con el sobre muro COMINO y haz que tus exteriores brillen con elegancia y estilo!<\/p>\n","protected":false},"excerpt":{"rendered":"<p>\u00a1Prep\u00e1rate para iluminar tus exteriores con un toque de elegancia cl\u00e1sica y moderna al mismo tiempo! Presentamos el sobre muro de exterior serie COMINO, una joya en Policarbonato Blanco que elevar\u00e1 instant\u00e1neamente el estilo de tu espacio al aire libre. Con unas dimensiones de 47,6&#215;17,6&#215;17,6 cent\u00edmetros, este sofisticado sobre muro es mucho m\u00e1s que una [&hellip;]<\/p>\n","protected":false},"featured_media":581,"comment_status":"open","ping_status":"closed","template":"","meta":[],"product_cat":[19,69],"product_tag":[],"_links":{"self":[{"href":"https:\/\/www.houseluz.com\/index.php?rest_route=\/wp\/v2\/product\/579"}],"collection":[{"href":"https:\/\/www.houseluz.com\/index.php?rest_route=\/wp\/v2\/product"}],"about":[{"href":"https:\/\/www.houseluz.com\/index.php?rest_route=\/wp\/v2\/types\/product"}],"replies":[{"embeddable":true,"href":"https:\/\/www.houseluz.com\/index.php?rest_route=%2Fwp%2Fv2%2Fcomments&post=579"}],"wp:featuredmedia":[{"embeddable":true,"href":"https:\/\/www.houseluz.com\/index.php?rest_route=\/wp\/v2\/media\/581"}],"wp:attachment":[{"href":"https:\/\/www.houseluz.com\/index.php?rest_route=%2Fwp%2Fv2%2Fmedia&parent=579"}],"wp:term":[{"taxonomy":"product_cat","embeddable":true,"href":"https:\/\/www.houseluz.com\/index.php?rest_route=%2Fwp%2Fv2%2Fproduct_cat&post=579"},{"taxonomy":"product_tag","embeddable":true,"href":"https:\/\/www.houseluz.com\/index.php?rest_route=%2Fwp%2Fv2%2Fproduct_tag&post=579"}],"curies":[{"name":"wp","href":"https:\/\/api.w.org\/{rel}","templated":true}]}}