{"id":525,"date":"2024-06-03T08:53:33","date_gmt":"2024-06-03T08:53:33","guid":{"rendered":"https:\/\/www.houseluz.com\/?post_type=product&#038;p=525"},"modified":"2024-06-06T15:49:35","modified_gmt":"2024-06-06T15:49:35","slug":"proa","status":"publish","type":"product","link":"https:\/\/www.houseluz.com\/?product=proa","title":{"rendered":"Proa"},"content":{"rendered":"<p>Este aplique moderno para terraza y jard\u00edn es la fusi\u00f3n perfecta de elegancia y funcionalidad. Fabricado en aluminio inyectado, este aplique cuenta con un difusor de cristal transparente que proporciona una iluminaci\u00f3n clara y brillante, ideal para realzar cualquier espacio exterior.<\/p>\n<p><strong>Especificaciones t\u00e9cnicas:<\/strong><\/p>\n<ul>\n<li><strong>Fijaci\u00f3n:<\/strong> Pared<\/li>\n<li><strong>Clase:<\/strong> I<\/li>\n<li><strong>\u00cdndice de Protecci\u00f3n:<\/strong> IP44, garantizando protecci\u00f3n contra salpicaduras de agua y polvo.<\/li>\n<li><strong>Voltaje:<\/strong> Compatible con redes de 110-120V y 220-240V, adapt\u00e1ndose a diversas aplicaciones globales.<\/li>\n<li><strong>Hercios:<\/strong> 50\/60Hz<\/li>\n<li><strong>Potencia M\u00e1xima:<\/strong> 8W<\/li>\n<li><strong>Bombilla incluida:<\/strong> Listo<\/li>\n<\/ul>\n<p><strong>Materiales:<\/strong><\/p>\n<ul>\n<li><strong>Cuerpo\/Estructura:<\/strong> Aluminio inyectado<\/li>\n<li><strong>Difusor:<\/strong> Cristal transparente<\/li>\n<\/ul>\n<p><strong>Acabados:<\/strong><\/p>\n<ul>\n<li><strong>Difusor:<\/strong> Transparente<\/li>\n<\/ul>\n<p>Este aplique no solo ofrece una soluci\u00f3n de iluminaci\u00f3n eficiente y duradera, sino que tambi\u00e9n a\u00f1ade un toque contempor\u00e1neo y sofisticado a terrazas, jardines y fachadas. Su dise\u00f1o robusto y vers\u00e1til garantiza un rendimiento \u00f3ptimo y una larga vida \u00fatil, haciendo de este aplique una elecci\u00f3n excepcional para cualquier entorno exterior.<\/p>\n","protected":false},"excerpt":{"rendered":"<p>Este aplique moderno para terraza y jard\u00edn es la fusi\u00f3n perfecta de elegancia y funcionalidad. Fabricado en aluminio inyectado, este aplique cuenta con un difusor de cristal transparente que proporciona una iluminaci\u00f3n clara y brillante, ideal para realzar cualquier espacio exterior. Especificaciones t\u00e9cnicas: Fijaci\u00f3n: Pared Clase: I \u00cdndice de Protecci\u00f3n: IP44, garantizando protecci\u00f3n contra salpicaduras [&hellip;]<\/p>\n","protected":false},"featured_media":527,"comment_status":"open","ping_status":"closed","template":"","meta":[],"product_cat":[26,19],"product_tag":[],"_links":{"self":[{"href":"https:\/\/www.houseluz.com\/index.php?rest_route=\/wp\/v2\/product\/525"}],"collection":[{"href":"https:\/\/www.houseluz.com\/index.php?rest_route=\/wp\/v2\/product"}],"about":[{"href":"https:\/\/www.houseluz.com\/index.php?rest_route=\/wp\/v2\/types\/product"}],"replies":[{"embeddable":true,"href":"https:\/\/www.houseluz.com\/index.php?rest_route=%2Fwp%2Fv2%2Fcomments&post=525"}],"wp:featuredmedia":[{"embeddable":true,"href":"https:\/\/www.houseluz.com\/index.php?rest_route=\/wp\/v2\/media\/527"}],"wp:attachment":[{"href":"https:\/\/www.houseluz.com\/index.php?rest_route=%2Fwp%2Fv2%2Fmedia&parent=525"}],"wp:term":[{"taxonomy":"product_cat","embeddable":true,"href":"https:\/\/www.houseluz.com\/index.php?rest_route=%2Fwp%2Fv2%2Fproduct_cat&post=525"},{"taxonomy":"product_tag","embeddable":true,"href":"https:\/\/www.houseluz.com\/index.php?rest_route=%2Fwp%2Fv2%2Fproduct_tag&post=525"}],"curies":[{"name":"wp","href":"https:\/\/api.w.org\/{rel}","templated":true}]}}