{"id":468,"date":"2024-05-30T10:04:47","date_gmt":"2024-05-30T10:04:47","guid":{"rendered":"https:\/\/www.houseluz.com\/?post_type=product&#038;p=468"},"modified":"2024-05-30T10:04:47","modified_gmt":"2024-05-30T10:04:47","slug":"loira-nickel","status":"publish","type":"product","link":"https:\/\/www.houseluz.com\/?product=loira-nickel","title":{"rendered":"Loira Nickel"},"content":{"rendered":"<p>El ventilador de techo Loira Nickel con aspas retr\u00e1ctiles es la elecci\u00f3n perfecta para quienes buscan una fusi\u00f3n de dise\u00f1o elegante y tecnolog\u00eda avanzada. Equipado con 3 aspas que se despliegan hasta un di\u00e1metro de 106 cm, este ventilador est\u00e1 impulsado por un motor DC ultra silencioso de 35W, que ofrece 6 velocidades ajustables para proporcionar el m\u00e1ximo confort en cualquier estaci\u00f3n del a\u00f1o gracias a su funci\u00f3n verano e invierno.<\/p>\n<p>El modelo Loira incorpora una luz LED integrada de 36W, proporcionando 3600 l\u00famenes de iluminaci\u00f3n brillante y eficiente, ideal para estancias amplias de hasta 25 m\u00b2. Su estructura, compuesta de acero y pl\u00e1stico ABS, junto con un difusor acr\u00edlico, aporta un toque moderno y sofisticado a cualquier espacio.<\/p>\n<p>La capacidad de programaci\u00f3n de 30 minutos a 8 horas permite un control personalizado y conveniente de su funcionamiento. Adem\u00e1s, el ventilador incluye un mando a distancia para una operaci\u00f3n f\u00e1cil y c\u00f3moda.<\/p>\n<p>Para obtener m\u00e1s detalles t\u00e9cnicos, envie un correo electr\u00f3nico.<\/p>\n","protected":false},"excerpt":{"rendered":"<p>El ventilador de techo Loira Nickel con aspas retr\u00e1ctiles es la elecci\u00f3n perfecta para quienes buscan una fusi\u00f3n de dise\u00f1o elegante y tecnolog\u00eda avanzada. Equipado con 3 aspas que se despliegan hasta un di\u00e1metro de 106 cm, este ventilador est\u00e1 impulsado por un motor DC ultra silencioso de 35W, que ofrece 6 velocidades ajustables para [&hellip;]<\/p>\n","protected":false},"featured_media":469,"comment_status":"open","ping_status":"closed","template":"","meta":[],"product_cat":[63,62],"product_tag":[],"_links":{"self":[{"href":"https:\/\/www.houseluz.com\/index.php?rest_route=\/wp\/v2\/product\/468"}],"collection":[{"href":"https:\/\/www.houseluz.com\/index.php?rest_route=\/wp\/v2\/product"}],"about":[{"href":"https:\/\/www.houseluz.com\/index.php?rest_route=\/wp\/v2\/types\/product"}],"replies":[{"embeddable":true,"href":"https:\/\/www.houseluz.com\/index.php?rest_route=%2Fwp%2Fv2%2Fcomments&post=468"}],"wp:featuredmedia":[{"embeddable":true,"href":"https:\/\/www.houseluz.com\/index.php?rest_route=\/wp\/v2\/media\/469"}],"wp:attachment":[{"href":"https:\/\/www.houseluz.com\/index.php?rest_route=%2Fwp%2Fv2%2Fmedia&parent=468"}],"wp:term":[{"taxonomy":"product_cat","embeddable":true,"href":"https:\/\/www.houseluz.com\/index.php?rest_route=%2Fwp%2Fv2%2Fproduct_cat&post=468"},{"taxonomy":"product_tag","embeddable":true,"href":"https:\/\/www.houseluz.com\/index.php?rest_route=%2Fwp%2Fv2%2Fproduct_tag&post=468"}],"curies":[{"name":"wp","href":"https:\/\/api.w.org\/{rel}","templated":true}]}}