{"id":436,"date":"2024-05-29T12:59:57","date_gmt":"2024-05-29T12:59:57","guid":{"rendered":"https:\/\/www.houseluz.com\/?post_type=product&#038;p=436"},"modified":"2024-05-29T13:00:05","modified_gmt":"2024-05-29T13:00:05","slug":"sena-mini","status":"publish","type":"product","link":"https:\/\/www.houseluz.com\/?product=sena-mini","title":{"rendered":"Sena Mini"},"content":{"rendered":"<p>El ventilador de techo Sena Mini con aspas retr\u00e1ctiles es la soluci\u00f3n perfecta para quienes buscan elegancia y funcionalidad en espacios medianos. Este refinado ventilador, con 4 aspas y un di\u00e1metro de 92 cm cuando est\u00e1n abiertas, incorpora un motor DC ultra silencioso de 20W, ofreciendo 6 velocidades para un ajuste \u00f3ptimo en cualquier estaci\u00f3n del a\u00f1o gracias a su funci\u00f3n verano e invierno.<\/p>\n<p>El modelo Sena Mini es programable entre 30 minutos y 8 horas, proporcionando un control preciso y personalizado de su funcionamiento. Adem\u00e1s, incluye una luz LED integrada de 24W con 2600 l\u00famenes, ideal para iluminar estancias de hasta 15 m\u00b2, creando un ambiente acogedor y luminoso. Su estructura, hecha de acero y pl\u00e1stico ABS pintado en blanco, junto con un difusor acr\u00edlico, aporta un toque contempor\u00e1neo y sofisticado a cualquier decoraci\u00f3n.<\/p>\n<p>Viene acompa\u00f1ado de un mando a distancia para una operaci\u00f3n c\u00f3moda y sencilla, aunque las pilas no est\u00e1n incluidas. Para m\u00e1s especificaciones t\u00e9cnicas, cont\u00e1ctenos.<\/p>\n","protected":false},"excerpt":{"rendered":"<p>El ventilador de techo Sena Mini con aspas retr\u00e1ctiles es la soluci\u00f3n perfecta para quienes buscan elegancia y funcionalidad en espacios medianos. Este refinado ventilador, con 4 aspas y un di\u00e1metro de 92 cm cuando est\u00e1n abiertas, incorpora un motor DC ultra silencioso de 20W, ofreciendo 6 velocidades para un ajuste \u00f3ptimo en cualquier estaci\u00f3n [&hellip;]<\/p>\n","protected":false},"featured_media":439,"comment_status":"open","ping_status":"closed","template":"","meta":[],"product_cat":[15,63,62],"product_tag":[],"_links":{"self":[{"href":"https:\/\/www.houseluz.com\/index.php?rest_route=\/wp\/v2\/product\/436"}],"collection":[{"href":"https:\/\/www.houseluz.com\/index.php?rest_route=\/wp\/v2\/product"}],"about":[{"href":"https:\/\/www.houseluz.com\/index.php?rest_route=\/wp\/v2\/types\/product"}],"replies":[{"embeddable":true,"href":"https:\/\/www.houseluz.com\/index.php?rest_route=%2Fwp%2Fv2%2Fcomments&post=436"}],"wp:featuredmedia":[{"embeddable":true,"href":"https:\/\/www.houseluz.com\/index.php?rest_route=\/wp\/v2\/media\/439"}],"wp:attachment":[{"href":"https:\/\/www.houseluz.com\/index.php?rest_route=%2Fwp%2Fv2%2Fmedia&parent=436"}],"wp:term":[{"taxonomy":"product_cat","embeddable":true,"href":"https:\/\/www.houseluz.com\/index.php?rest_route=%2Fwp%2Fv2%2Fproduct_cat&post=436"},{"taxonomy":"product_tag","embeddable":true,"href":"https:\/\/www.houseluz.com\/index.php?rest_route=%2Fwp%2Fv2%2Fproduct_tag&post=436"}],"curies":[{"name":"wp","href":"https:\/\/api.w.org\/{rel}","templated":true}]}}